{"id":13089,"date":"2015-08-16T19:50:00","date_gmt":"2015-08-16T17:50:00","guid":{"rendered":"http:\/\/sgtr.ch\/dev\/wp\/?page_id=13089"},"modified":"2022-03-24T16:49:02","modified_gmt":"2022-03-24T15:49:02","slug":"ausbildnerinnen","status":"publish","type":"page","link":"https:\/\/sgtr.keller-web.ch\/index.php\/das-collegium\/ausbildnerinnen\/","title":{"rendered":"Ausbildner\/Innen"},"content":{"rendered":"<div class=\"fusion-fullwidth fullwidth-box fusion-builder-row-1 fusion-flex-container hundred-percent-fullwidth non-hundred-percent-height-scrolling\" style=\"background-color: rgba(255,255,255,0);background-position: center center;background-repeat: no-repeat;border-width: 0px 0px 0px 0px;border-color:#eae9e9;border-style:solid;\" ><div class=\"fusion-builder-row fusion-row fusion-flex-align-items-flex-start\" style=\"width:104% !important;max-width:104% !important;margin-left: calc(-4% \/ 2 );margin-right: calc(-4% \/ 2 );\"><div class=\"fusion-layout-column fusion_builder_column fusion-builder-column-0 fusion_builder_column_1_1 1_1 fusion-flex-column\"><div class=\"fusion-column-wrapper fusion-flex-justify-content-flex-start fusion-content-layout-column\" style=\"background-position:left top;background-repeat:no-repeat;-webkit-background-size:cover;-moz-background-size:cover;-o-background-size:cover;background-size:cover;padding: 0px 0px 0px 0px;\"><style type=\"text\/css\">@media only screen and (max-width:1024px) {.fusion-title.fusion-title-1{margin-top:0px!important; margin-right:0px!important;margin-bottom:30px!important;margin-left:0px!important;}}@media only screen and (max-width:640px) {.fusion-title.fusion-title-1{margin-top:0px!important; margin-right:0px!important;margin-bottom:20px!important; margin-left:0px!important;}}<\/style><div class=\"fusion-title title fusion-title-1 fusion-title-text fusion-title-size-two\" style=\"margin-top:0px;margin-right:0px;margin-bottom:30px;margin-left:0px;\"><div class=\"title-sep-container title-sep-container-left fusion-no-large-visibility fusion-no-medium-visibility fusion-no-small-visibility\"><div class=\"title-sep sep-\" style=\"border-color:#e0dede;\"><\/div><\/div><span class=\"awb-title-spacer fusion-no-large-visibility fusion-no-medium-visibility fusion-no-small-visibility\"><\/span><h2 class=\"title-heading-left\" style=\"margin:0;\"><span style=\"color: #6796bf;\"><strong>AusbildnerInnen<\/strong><\/span><\/h2><span class=\"awb-title-spacer\"><\/span><div class=\"title-sep-container title-sep-container-right\"><div class=\"title-sep sep-\" style=\"border-color:#e0dede;\"><\/div><\/div><\/div><div class=\"fusion-separator fusion-full-width-sep\" style=\"align-self: center;margin-left: auto;margin-right: auto;margin-top:10px;margin-bottom:40px;width:100%;\"><div class=\"fusion-separator-border sep-single sep-solid\" style=\"border-color:#e0dede;border-top-width:1px;\"><\/div><\/div><div class=\"fusion-text fusion-text-1\"><p>Die AusbildnerInnen weisen sich \u00fcber eine abgeschlossene Ausbildung in einem p\u00e4dagogischen (<strong>HPR<\/strong>) oder in einem medizinisch \/ therapeutischen Beruf (<strong>TR<\/strong>) aus.<br \/>\nSie haben eine Zusatzausbildung zur dipl. Reitp\u00e4dagogIn&nbsp;<strong>SG-TR<\/strong>&nbsp;oder dipl. ReittherapeutIn&nbsp;<strong>SG-TR<\/strong>&nbsp;erfolgreich absolviert.<\/p>\n<p>Die wichtigsten Funktionen in der Ausbildung werden von vergleichsweise wenigen Personen wahrgenommen. Dies erm\u00f6glicht den \u00fcberschaubaren&nbsp;<strong>Kontakt<\/strong>&nbsp;und die pers\u00f6nliche&nbsp;<strong>Begleitung<\/strong>&nbsp;der Auszubildenden.&nbsp;<\/p>\n<p>Zielgerichtetes Handeln aller Mitarbeitenden wird durch ein&nbsp;<strong>gemeinsames Verst\u00e4ndnis<\/strong>&nbsp;von Aufgabe, Organisation und Grundhaltung errreicht.<\/p>\n<p>Mitverantwortlich f\u00fcr die praktische Ausbildung und massgeblich daran beteiligt sind die PRAKTIKUMSANLEITERINNEN &#8211; PAL &#8211; SG-TR, in deren T\u00e4tigkeitsbereich die Auszubildenden hospitieren, praktizieren und beurteilt werden.<\/p>\n<hr \/>\n<p>&nbsp;<\/p>\n<\/div><div class=\"fusion-text fusion-text-2\"><p>\u200b<\/p>\n<table style=\"border-collapse: collapse; width: 100%;\" border=\"1\">\n<tbody>\n<tr style=\"height: 180px;\">\n<td style=\"width: 20%;\" align=\"center\"><a href=\"https:\/\/sgtr.keller-web.ch\/wp-content\/uploads\/2022\/01\/GaengMarinanne.jpg\"><img class=\"lazyload alignnone size-thumbnail wp-image-13828\" src=\"https:\/\/sgtr.keller-web.ch\/wp-content\/uploads\/2022\/01\/GaengMarinanne-150x150.jpg\" data-orig-src=\"https:\/\/sgtr.keller-web.ch\/wp-content\/uploads\/2022\/01\/GaengMarinanne-150x150.jpg\" alt=\"\" width=\"150\" height=\"150\" srcset=\"data:image\/svg+xml,%3Csvg%20xmlns%3D%27http%3A%2F%2Fwww.w3.org%2F2000%2Fsvg%27%20width%3D%27150%27%20height%3D%27150%27%20viewBox%3D%270%200%20150%20150%27%3E%3Crect%20width%3D%27150%27%20height%3D%27150%27%20fill-opacity%3D%220%22%2F%3E%3C%2Fsvg%3E\" data-srcset=\"https:\/\/sgtr.keller-web.ch\/wp-content\/uploads\/2022\/01\/GaengMarinanne-66x66.jpg 66w, https:\/\/sgtr.keller-web.ch\/wp-content\/uploads\/2022\/01\/GaengMarinanne-150x150.jpg 150w\" data-sizes=\"auto\" data-orig-sizes=\"(max-width: 150px) 100vw, 150px\" \/><\/a><\/td>\n<td style=\"width: 80%;\" valign=\"top\"><strong>Marianne G\u00e4ng <\/strong>(gestorben 23. November 2019)<br \/>\n&#8212;&#8212;&#8212;&#8212;&#8212;&#8211;<br \/>\nBegr\u00fcnderin der Ausbildung SG-TR, Autorin und Herausgeberin zahlreicher Fachb\u00fccher.<\/td>\n<\/tr>\n<tr style=\"height: 180px;\">\n<td style=\"width: 20%;\" align=\"center\"><a href=\"https:\/\/sgtr.keller-web.ch\/wp-content\/uploads\/2022\/01\/Barbara-Gaeng.jpg\"><img class=\"lazyload alignnone size-thumbnail wp-image-13829\" src=\"https:\/\/sgtr.keller-web.ch\/wp-content\/uploads\/2022\/01\/Barbara-Gaeng-150x150.jpg\" data-orig-src=\"https:\/\/sgtr.keller-web.ch\/wp-content\/uploads\/2022\/01\/Barbara-Gaeng-150x150.jpg\" alt=\"\" width=\"150\" height=\"150\" srcset=\"data:image\/svg+xml,%3Csvg%20xmlns%3D%27http%3A%2F%2Fwww.w3.org%2F2000%2Fsvg%27%20width%3D%27150%27%20height%3D%27150%27%20viewBox%3D%270%200%20150%20150%27%3E%3Crect%20width%3D%27150%27%20height%3D%27150%27%20fill-opacity%3D%220%22%2F%3E%3C%2Fsvg%3E\" data-srcset=\"https:\/\/sgtr.keller-web.ch\/wp-content\/uploads\/2022\/01\/Barbara-Gaeng-66x66.jpg 66w, https:\/\/sgtr.keller-web.ch\/wp-content\/uploads\/2022\/01\/Barbara-Gaeng-150x150.jpg 150w\" data-sizes=\"auto\" data-orig-sizes=\"(max-width: 150px) 100vw, 150px\" \/><\/a><\/td>\n<td style=\"width: 80%;\" valign=\"top\"><strong>Barbara G\u00e4ng<\/strong><br \/>\n&#8212;&#8212;&#8212;&#8212;&#8212;-<br \/>\n<strong>Vorsitzende der Fachinstanz RQ Kursleiterin HPR<\/strong>CH-5642 M\u00fchlau, dipl. Sozialp\u00e4dagogin, M.A. Behinderung und Partizipation FHNW, Diplomierte Reitp\u00e4dagogin SG-TR, Ausbildung Therapieh und CH, Mitglied der Ausbildungsleitung SG-TR, Vorsitzende Fachinstanz HPR\/TR, Vorsitzende Fachinstanz Aufnahmen, Lehrgangsleiterin LI.<\/td>\n<\/tr>\n<tr style=\"height: 180px;\">\n<td style=\"width: 20%;\" align=\"center\"><a href=\"https:\/\/sgtr.keller-web.ch\/wp-content\/uploads\/2022\/01\/hannaEberle.jpg\"><img class=\"lazyload size-thumbnail wp-image-13823\" src=\"https:\/\/sgtr.keller-web.ch\/wp-content\/uploads\/2022\/01\/hannaEberle-150x150.jpg\" data-orig-src=\"https:\/\/sgtr.keller-web.ch\/wp-content\/uploads\/2022\/01\/hannaEberle-150x150.jpg\" alt=\"\" width=\"150\" height=\"150\" srcset=\"data:image\/svg+xml,%3Csvg%20xmlns%3D%27http%3A%2F%2Fwww.w3.org%2F2000%2Fsvg%27%20width%3D%27150%27%20height%3D%27150%27%20viewBox%3D%270%200%20150%20150%27%3E%3Crect%20width%3D%27150%27%20height%3D%27150%27%20fill-opacity%3D%220%22%2F%3E%3C%2Fsvg%3E\" data-srcset=\"https:\/\/sgtr.keller-web.ch\/wp-content\/uploads\/2022\/01\/hannaEberle-66x66.jpg 66w, https:\/\/sgtr.keller-web.ch\/wp-content\/uploads\/2022\/01\/hannaEberle-150x150.jpg 150w\" data-sizes=\"auto\" data-orig-sizes=\"(max-width: 150px) 100vw, 150px\" \/><\/a><\/td>\n<td style=\"width: 80%;\" valign=\"top\"><strong>Hanna Eberle<\/strong><br \/>\n&#8212;&#8212;&#8212;&#8212;&#8212;-<br \/>\nCH-9500 Wil, Lehrerin Sek I, M.A. in Secondary Education PHSG, dipl. Reitp\u00e4dagogin SG-TR, Mitglied der Ausbildungsleitung SG-TR, Vprsotuemde Facjomstamu HPR\/TR, Lehrgangsleiterin LII.<\/td>\n<\/tr>\n<tr style=\"height: 180px;\">\n<td style=\"width: 20%;\" align=\"center\"><a href=\"https:\/\/sgtr.keller-web.ch\/wp-content\/uploads\/2022\/01\/annika_mueller.jpg\"><img class=\"lazyload alignnone size-thumbnail wp-image-13826\" src=\"data:image\/svg+xml,%3Csvg%20xmlns%3D%27http%3A%2F%2Fwww.w3.org%2F2000%2Fsvg%27%20width%3D%27108%27%20height%3D%27150%27%20viewBox%3D%270%200%20108%20150%27%3E%3Crect%20width%3D%27108%27%20height%3D%27150%27%20fill-opacity%3D%220%22%2F%3E%3C%2Fsvg%3E\" data-orig-src=\"https:\/\/sgtr.keller-web.ch\/wp-content\/uploads\/2022\/01\/annika_mueller-108x150.jpg\" alt=\"\" width=\"108\" height=\"150\"\/><\/a><\/td>\n<td style=\"width: 80%;\" valign=\"top\"><strong>Annika M\u00fcller<\/strong><br \/>\n&#8212;&#8212;&#8212;&#8212;&#8212;-<br \/>\nCH-5634 Merenschwand, dipl. Pflegefachfrau, Diplomierte Reitp\u00e4dagogin SG-TR, Mitglied der Ausbildungsleitung SG-TR, Ressortleiterin PAL.<\/td>\n<\/tr>\n<tr style=\"height: 180px;\">\n<td style=\"width: 20%;\" align=\"center\"><a href=\"https:\/\/sgtr.keller-web.ch\/wp-content\/uploads\/2022\/01\/bild-spz_rp.jpg\"><img class=\"lazyload alignnone size-thumbnail wp-image-13827\" src=\"https:\/\/sgtr.keller-web.ch\/wp-content\/uploads\/2022\/01\/bild-spz_rp-150x150.jpg\" data-orig-src=\"https:\/\/sgtr.keller-web.ch\/wp-content\/uploads\/2022\/01\/bild-spz_rp-150x150.jpg\" alt=\"\" width=\"150\" height=\"150\" srcset=\"data:image\/svg+xml,%3Csvg%20xmlns%3D%27http%3A%2F%2Fwww.w3.org%2F2000%2Fsvg%27%20width%3D%27150%27%20height%3D%27150%27%20viewBox%3D%270%200%20150%20150%27%3E%3Crect%20width%3D%27150%27%20height%3D%27150%27%20fill-opacity%3D%220%22%2F%3E%3C%2Fsvg%3E\" data-srcset=\"https:\/\/sgtr.keller-web.ch\/wp-content\/uploads\/2022\/01\/bild-spz_rp-66x66.jpg 66w, https:\/\/sgtr.keller-web.ch\/wp-content\/uploads\/2022\/01\/bild-spz_rp-150x150.jpg 150w\" data-sizes=\"auto\" data-orig-sizes=\"(max-width: 150px) 100vw, 150px\" \/><\/a><\/td>\n<td style=\"width: 80%;\" valign=\"top\"><strong>Robert Portmann<\/strong><br \/>\n&#8212;&#8212;&#8212;&#8212;&#8212;&#8212;&#8211;<br \/>\nCH-6166 Hasle; Primarlehrer, ehemaliger Schulleiter, Pferdefachmann, Kursleiter J+S Sport, Vereinstrainer SVPS, Chef Ausbildung ZKV, Diplomierter Reitp\u00e4dagoge SG-TR, Mitglied der Ausbildungsleitung SG-TR, Vorsitzender Fachinstanz RQ.<\/td>\n<\/tr>\n<tr style=\"height: 180px;\">\n<td style=\"width: 20%;\" align=\"center\"><a href=\"https:\/\/sgtr.keller-web.ch\/wp-content\/uploads\/2022\/01\/semler_lisa.jpg\"><img class=\"lazyload alignnone size-thumbnail wp-image-13824\" src=\"data:image\/svg+xml,%3Csvg%20xmlns%3D%27http%3A%2F%2Fwww.w3.org%2F2000%2Fsvg%27%20width%3D%27132%27%20height%3D%27150%27%20viewBox%3D%270%200%20132%20150%27%3E%3Crect%20width%3D%27132%27%20height%3D%27150%27%20fill-opacity%3D%220%22%2F%3E%3C%2Fsvg%3E\" data-orig-src=\"https:\/\/sgtr.keller-web.ch\/wp-content\/uploads\/2022\/01\/semler_lisa-132x150.jpg\" alt=\"\" width=\"132\" height=\"150\"\/><\/a><\/td>\n<td style=\"width: 80%;\" valign=\"top\"><strong>Lisa Semler<\/strong><br \/>\n&#8212;&#8212;&#8212;&#8212;-<br \/>\nD-85737 Ismaning, Kindheitsp\u00e4dagogin Elementarbildung, Bachelor of AHW, dipl. Reitp\u00e4dagogin SG-TR, Mitglied der Ausbildungsleitung SG-TR, Kursleiterin Grundlagenkurs und RQ-Kurse.<\/td>\n<\/tr>\n<tr style=\"height: 180px;\">\n<td style=\"width: 20%;\" align=\"center\"><a href=\"https:\/\/sgtr.keller-web.ch\/wp-content\/uploads\/2022\/03\/SusanneEberle_new-e1648136872392.jpg\"><img class=\"lazyload alignnone size-thumbnail wp-image-14316\" src=\"data:image\/svg+xml,%3Csvg%20xmlns%3D%27http%3A%2F%2Fwww.w3.org%2F2000%2Fsvg%27%20width%3D%27150%27%20height%3D%27150%27%20viewBox%3D%270%200%20150%20150%27%3E%3Crect%20width%3D%27150%27%20height%3D%27150%27%20fill-opacity%3D%220%22%2F%3E%3C%2Fsvg%3E\" data-orig-src=\"https:\/\/sgtr.keller-web.ch\/wp-content\/uploads\/2022\/03\/SusanneEberle_new-e1648136848472-150x150.jpg\" alt=\"\" width=\"150\" height=\"150\"\/><\/a><\/td>\n<td style=\"width: 80%;\" valign=\"top\"><strong>Susanne Eberle<\/strong><br \/>\n&#8212;&#8212;&#8212;&#8212;&#8212;&#8211;<br \/>\nCH-9500 Wil, Primarlehrerin, Diplomierte Sonderp\u00e4dagogin, Diplomierte Reitp\u00e4dagogin SG-TR, Referentin Sonderp\u00e4dagogik.<\/td>\n<\/tr>\n<tr style=\"height: 180px;\">\n<td style=\"width: 20%;\" align=\"center\"><a href=\"https:\/\/sgtr.keller-web.ch\/wp-content\/uploads\/2022\/03\/2022-02-22-Shooting-Rahel-0136-scaled.jpg\"><img class=\"lazyload alignnone size-thumbnail wp-image-14293\" src=\"data:image\/svg+xml,%3Csvg%20xmlns%3D%27http%3A%2F%2Fwww.w3.org%2F2000%2Fsvg%27%20width%3D%27150%27%20height%3D%27150%27%20viewBox%3D%270%200%20150%20150%27%3E%3Crect%20width%3D%27150%27%20height%3D%27150%27%20fill-opacity%3D%220%22%2F%3E%3C%2Fsvg%3E\" data-orig-src=\"https:\/\/sgtr.keller-web.ch\/wp-content\/uploads\/2022\/03\/2022-02-22-Shooting-Rahel-0136-150x150.jpg\" alt=\"\" width=\"150\" height=\"150\"\/><\/a><\/td>\n<td style=\"width: 80%;\" valign=\"top\"><strong>Rahel Helfenberger<\/strong><br \/>\n&#8212;&#8212;&#8212;&#8212;&#8212;&#8212;&#8212;-<br \/>\nCH-8904 Aesch, Eidgen\u00f6ssisch Diplomierte Pferdefachfrau, Diplomierte Reitp\u00e4dagogin SG-TR, Kursleiterin RQ-Kurse<\/td>\n<\/tr>\n<tr style=\"height: 180px;\">\n<td style=\"width: 20%;\" align=\"center\"><a href=\"https:\/\/sgtr.keller-web.ch\/wp-content\/uploads\/2022\/01\/gaeng_hp_2014.jpg\"><img class=\"lazyload alignnone size-thumbnail wp-image-13825\" src=\"https:\/\/sgtr.keller-web.ch\/wp-content\/uploads\/2022\/01\/gaeng_hp_2014-150x150.jpg\" data-orig-src=\"https:\/\/sgtr.keller-web.ch\/wp-content\/uploads\/2022\/01\/gaeng_hp_2014-150x150.jpg\" alt=\"\" width=\"150\" height=\"150\" srcset=\"data:image\/svg+xml,%3Csvg%20xmlns%3D%27http%3A%2F%2Fwww.w3.org%2F2000%2Fsvg%27%20width%3D%27150%27%20height%3D%27150%27%20viewBox%3D%270%200%20150%20150%27%3E%3Crect%20width%3D%27150%27%20height%3D%27150%27%20fill-opacity%3D%220%22%2F%3E%3C%2Fsvg%3E\" data-srcset=\"https:\/\/sgtr.keller-web.ch\/wp-content\/uploads\/2022\/01\/gaeng_hp_2014-66x66.jpg 66w, https:\/\/sgtr.keller-web.ch\/wp-content\/uploads\/2022\/01\/gaeng_hp_2014-150x150.jpg 150w\" data-sizes=\"auto\" data-orig-sizes=\"(max-width: 150px) 100vw, 150px\" \/><\/a><\/td>\n<td style=\"width: 80%;\" valign=\"top\"><strong>Hans-Peter G\u00e4ng<\/strong><br \/>\n&#8212;&#8212;&#8212;&#8212;&#8212;&#8212;-<br \/>\nCH-4118 Rodersdorf, Diplomierter Sonderp\u00e4dagoge, Sonderklassenlehrer, ehemaliger Direktor von Sonderschulinstitutionen, beratenden Funktion f\u00fcr das Collegium SG-TR.<\/td>\n<\/tr>\n<\/tbody>\n<\/table>\n<\/div><\/div><style type=\"text\/css\">.fusion-body .fusion-builder-column-0{width:100% !important;margin-top : 0px;margin-bottom : 20px;}.fusion-builder-column-0 > .fusion-column-wrapper {padding-top : 0px !important;padding-right : 0px !important;margin-right : 1.92%;padding-bottom : 0px !important;padding-left : 0px !important;margin-left : 1.92%;}@media only screen and (max-width:1024px) {.fusion-body .fusion-builder-column-0{width:100% !important;order : 0;}.fusion-builder-column-0 > .fusion-column-wrapper {margin-right : 1.92%;margin-left : 1.92%;}}@media only screen and (max-width:640px) {.fusion-body .fusion-builder-column-0{width:100% !important;order : 0;}.fusion-builder-column-0 > .fusion-column-wrapper {margin-right : 1.92%;margin-left : 1.92%;}}<\/style><\/div><\/div><style type=\"text\/css\">.fusion-fullwidth.fusion-builder-row-1 { overflow:visible; }.fusion-body .fusion-flex-container.fusion-builder-row-1{ padding-top : 0px;margin-top : 0px;padding-right : 0px;padding-bottom : 0px;margin-bottom : 0px;padding-left : 0px;}<\/style><\/div>\n","protected":false},"excerpt":{"rendered":"","protected":false},"author":1,"featured_media":0,"parent":13078,"menu_order":0,"comment_status":"open","ping_status":"open","template":"","meta":{"ngg_post_thumbnail":0},"_links":{"self":[{"href":"https:\/\/sgtr.keller-web.ch\/index.php\/wp-json\/wp\/v2\/pages\/13089"}],"collection":[{"href":"https:\/\/sgtr.keller-web.ch\/index.php\/wp-json\/wp\/v2\/pages"}],"about":[{"href":"https:\/\/sgtr.keller-web.ch\/index.php\/wp-json\/wp\/v2\/types\/page"}],"author":[{"embeddable":true,"href":"https:\/\/sgtr.keller-web.ch\/index.php\/wp-json\/wp\/v2\/users\/1"}],"replies":[{"embeddable":true,"href":"https:\/\/sgtr.keller-web.ch\/index.php\/wp-json\/wp\/v2\/comments?post=13089"}],"version-history":[{"count":46,"href":"https:\/\/sgtr.keller-web.ch\/index.php\/wp-json\/wp\/v2\/pages\/13089\/revisions"}],"predecessor-version":[{"id":14317,"href":"https:\/\/sgtr.keller-web.ch\/index.php\/wp-json\/wp\/v2\/pages\/13089\/revisions\/14317"}],"up":[{"embeddable":true,"href":"https:\/\/sgtr.keller-web.ch\/index.php\/wp-json\/wp\/v2\/pages\/13078"}],"wp:attachment":[{"href":"https:\/\/sgtr.keller-web.ch\/index.php\/wp-json\/wp\/v2\/media?parent=13089"}],"curies":[{"name":"wp","href":"https:\/\/api.w.org\/{rel}","templated":true}]}}